) + 6 - 4. Let x be (-1)/(-2)*6 - l. What is the units digit of 1/((-4)/(x - 152))?
7
Suppose 12*i - 10897 - 3455 = 0. What is the hundreds digit of i?
1
Let l(k) = 28*k**3 - 2*k**2 + 2*k - 1. Let c be l(1). What is the tens digit of ((-20)/(-12))/(1/c)?
4
What is the units digit of (-6678)/(-105)*(34/4 + -1)?
7
Let r(x) = -x**3 - 18*x**2 - 16*x + 30. Let i be r(-17). Let y(z) = 14*z - 33. What is the hundreds digit of y(i)?
1
Let v be 1*(-4)/8*22. Let m = v - -16. Suppose -3*t = -m*s + 1 + 83, 0 = t - 2. What is the units digit of s?
8
Suppose 0 = 7*s - 2*s - 20. Suppose -16 = -3*j - j - s*t, -5*t = 3*j - 14. Suppose -m - 168 = -5*b, -4*m = -j*b + 140 - 46. What is the units digit of b?
4
Let x(a) be the third derivative of -a**5/60 + 23*a**3 + 20*a**2. What is the tens digit of x(0)?
3
Let d be 4/((-43)/(-22) - 2/1). Let q = 198 + d. What is the tens digit of q?
1
Let m(y) = -83*y - 33. Let w be m(-7). Suppose -w = -4*i - f, 0 = -4*i - f - 2*f + 556. What is the tens digit of i?
3
Suppose -22 - 4 = -2*s. Let b = -17 + s. Let q(y) = -2*y**3 - 6*y**2 - 4*y - 1. What is the tens digit of q(b)?
4
Suppose -n = 3*x + 10, 45 = 5*n - 6*x + 2*x. Suppose 4*b - f = -100 + 328, 244 = 4*b - n*f. What is the units digit of -36*(b/12)/(-7)?
4
Let w(z) = 7*z**2 - 2*z + 54. Suppose -3*d - 3*d = 36. Let s(u) = 15*u**2 - 4*u + 109. Let x(g) = d*s(g) + 13*w(g). What is the tens digit of x(0)?
4
Let x(f) = -3*f**3 - f**2 + f + 1. Let i be x(-1). Let v be i/(-10) + 1/5. Suppose 0 = -v*n + n - 8. What is the units digit of n?
8
Suppose -2*x + 0 = -24. Suppose x = 3*f - 4*p, -f - 2*p + p = -4. What is the units digit of 12/(-15)*(-110)/f?
2
Let p(y) = 9*y + 12. Let k(z) = 9*z + 11. Let x(v) = -4*k(v) + 3*p(v). What is the tens digit of x(-7)?
5
Let y(p) = 1. Let v(r) = r + 2. Let z(m) = -v(m) - 3*y(m). Let x be z(-8). Suppose 54 = -x*j + 6*j. What is the units digit of j?
8
Let n be 201 + (-3 - -6)*1. Suppose 0 = b - 2*f - 43, -4*b - 7 = -3*f - n. What is the tens digit of b?
5
Let q = 1016 - 662. What is the units digit of q?
4
Let d = -10 - -13. Suppose 0*x + d*o = 5*x + 23, 4*x + 4*o = -12. What is the tens digit of (-58)/(x/(-1) - 5)?
5
Suppose -4*l - 10 + 4 = 2*q, -3*q - 9 = 4*l. Suppose -5*t + 251 + 584 = l. What is the tens digit of t?
6
Let n = -34 - -99. Let y = -178 - -183. Suppose 0 = -4*v + 2*v, -y*d + n = -4*v. What is the tens digit of d?
1
Let t = 119 - 64. What is the tens digit of t?
5
Let q be 3 + (2 - 1 - 1). Suppose q*w = -37 - 35. Let f = w + 41. What is the units digit of f?
7
Let u = -318 + 414. What is the units digit of u?
6
Let y be 8/2 - 2 - -10. Let x be (-18)/y + 1/(-2). What is the units digit of (90/(-3))/(0 + x)?
5
What is the units digit of ((-90)/(-12))/15*9964?
2
Let o(q) = -q + 52. Let a be o(0). What is the units digit of (-1)/2*a/(-1)?
6
Let o(w) = 7*w - 12. Suppose 84 = r + 3*r. Let k = r - 16. What is the tens digit of o(k)?
2
Let z(n) be the first derivative of -31*n**2 - n + 2. What is the hundreds digit of z(-3)?
1
Let f(c) = -314*c**3 + c**2 + c - 11. What is the hundreds digit of f(-2)?
5
Suppose -o + 378 = -2*h - 87, 4*o + h - 1860 = 0. What is the units digit of o?
5
What is the tens digit of 23472/30 - ((-3)/5 - -1)?
8
Let i = -8 + 12. Suppose 0*h = -5*h - i*r - 348, h + 66 = -2*r. Let c = h + 105. What is the tens digit of c?
3
Let w(t) = 3*t - 4. Suppose 0*r = -r + 3. Let v be w(r). Suppose v*z + k = 47, -11 = -4*z + 4*k + 41. What is the tens digit of z?
1
Let r = -125 + 883. What is the hundreds digit of r?
7
What is the tens digit of ((-4)/6)/((-6)/11817)?
1
Let h = -630 - -1186. What is the hundreds digit of h?
5
Let w(f) = 17*f**2 - 6*f + 26. What is the hundreds digit of w(-5)?
4
Let n = -8 + 8. Let t be (n + (-22)/3)*-3. Suppose k - 25 = t. What is the tens digit of k?
4
Let t(v) = -v**2 + 8*v. Let l be t(5). Suppose -35 = -l*z + 10*z. What is the units digit of z?
7
Let f(l) = l**2 - 8*l + 11. What is the hundreds digit of f(-30)?
1
Let w be 64/40*10/(-4). What is the hundreds digit of (12/4)/((4/(-39))/w)?
1
Let h = -24 - -51. Suppose -2*r - t = -4*r + 55, -5*r = -5*t - 150. Let w = r + h. What is the units digit of w?
2
Let o be (12 - 3/1) + -3. Let y = -4 + o. Suppose -3*n - v + 16 = 0, y*n + v + 4 = 4*v. What is the units digit of n?
4
Let c(w) be the first derivative of -2*w**2 + 6*w + 1. Suppose -5 = o, -o - o = -2*q. What is the tens digit of c(q)?
2
Let s(i) = 2*i**2 + 7*i + 5. Let l be s(-3). Suppose -l = 2*g - 32. What is the tens digit of g?
1
Let r be 1 - (0 - -1)*(0 - -101). Let n = 179 + r. What is the units digit of n?
9
Let n be ((-3)/(-1))/((-17)/(-19380)). What is the tens digit of (n/8)/(-9)*-2?
9
Let c(a) = -a**3 - 9*a**2 + 62*a + 33. What is the tens digit of c(-15)?
5
Suppose 7 = 2*o + 3. Suppose l - 72 = o*g - 0*l, 0 = 2*l. What is the units digit of 31/4 + (-9)/g?
8
Suppose -2*k + 1524 - 38 = 0. What is the tens digit of k?
4
Let f(s) = -2*s**3 - s**2 - 14*s + 4. What is the units digit of f(-7)?
9
Suppose -50*n + 70900 - 6000 = 0. What is the units digit of n?
8
Suppose 49*v - 48*v = -3*w - 4, 2*v - 4*w = 32. What is the units digit of v?
8
Let s = 186 + -130. Let a = -73 - -57. Let n = s + a. What is the units digit of n?
0
Suppose -g = -1 + 5, -4*d + 76 = 2*g. Let z = d + -49. What is the tens digit of 118*(z/8 - -4)?
5
Suppose -4*u - 4 = -6*u. Let i(l) = 2*l**2. Let v be i(-1). Suppose 2*s - z = -v + 41, -51 = -u*s - 3*z. What is the units digit of s?
1
Suppose -34*s = -36*s + 834. What is the units digit of s?
7
Suppose 3*n + i = -4*i + 511, -4*n + 720 = -3*i. What is the hundreds digit of n?
1
Suppose 8*h + 9*h = 42891. What is the hundreds digit of h?
5
What is the tens digit of -180*-3*(-4)/(-8)?
7
Let b = -337 - -487. Suppose -i - b = -3*i. Suppose i = 2*y + 5*g, 3*y + 0*y + 4*g = 95. What is the tens digit of y?
2
Let m = -11 - -8. What is the units digit of 8/(-12) + 1 + (-179)/m?
0
Suppose 2*y = -4*t + 2*t + 5660, -4*t - 3*y = -11321. What is the units digit of t?
1
Let w = 2433 - 817. What is the units digit of w?
6
Suppose m - 5*i + 22 = 0, -3*m - 34 = 4*i - 6. Let h be (-3 + (-7)/(-2))*m. What is the tens digit of (9 + h)/((-1)/(-15))?
4
Suppose -2*i + 1 - 11 = 0. Let w = 7 + i. Suppose 2*d - 20 = -4*h, w*d + 3*h - 2*h = 23. What is the tens digit of d?
1
Suppose -8052 = 44*s - 66*s. What is the units digit of s?
6
Let g = -400 - -542. What is the tens digit of g?
4
What is the hundreds digit of (-6 - -5)/(7/(-14203)*1)?
0
Let g(l) = 3*l + 9. Let h be g(-6). Let d = -6 - h. Suppose 0 = d*w - w - 50. What is the tens digit of w?
2
What is the tens digit of (101/(-2))/(1/(-38))?
1
Suppose 0 = c - 2*c + 4. Let v be -1*((-5 - 2) + c). Suppose 4*s - 210 = -2*f, v*f - 5 = 8*f. What is the tens digit of s?
5
Let i = 12 + -10. Suppose i*h + h - 5*g - 64 = 0, 0 = h - 5*g - 38. Suppose 2 - 3 = -o + q, -q = -5*o + h. What is the units digit of o?
3
Let x = 10897 + -6349. What is the thousands digit of x?
4
Suppose 2*z - 68 - 10 = 0. Suppose 3*k - 102 = -2*c, k + z = 2*k - c. What is the tens digit of k?
3
Let g(t) = t**2 - t - 72. Let l be g(0). Let b be (7 - 6)/(1/(-3)). What is the units digit of ((-4)/(-6))/(b/l)?
6
What is the thousands digit of 2 + 12002/4 - (-810)/324?
3
Let u be (-6)/(-15) - (-51)/(-15). What is the tens digit of (-41)/(-3 - 1 - u)?
4
Let n = -32 + -13. Let j = n - -67. What is the units digit of j?
2
Let v(j) be the second derivative of 11*j**4/6 + 5*j**3/6 + 10*j. What is the units digit of v(-2)?
8
Let q = 1123 - 752. What is the units digit of q?
1
Let u be (-44)/(-2) + (-18 - -15). Let f = u - 16. What is the units digit of f?
3
What is the tens digit of (-4)/(-22) - 397*651/(-231)?
1
Let p = -58 - -63. Suppose w + p = 81. What is the tens digit of w?
7
Let u = 470 - -259. Suppose -171 + u = 9*f. What is the units digit of f?
2
Suppose -4*i - 48 - 88 = 0. Let d = i - -13. What is the units digit of -1 + 4 - (d + -1)?
5
What is the units digit of (-19)/(224/231 + -1)?
7
What is the hundreds digit of 18/225 - (-15144)/75?
2
Let z(u) = -u - 9. Let f be z(3). What is the tens digit of 18*(-8)/f*(-51)/(-4)?
5
Let g be 1*(-2 + 6) + -21. Let k(f) = f - 1. Let s(t) = 8*t + 40. Let c(i) = 2*k(i) - s(i). What is the tens digit of c(g)?
6
Let n = 45 - 42. Su